4*m - 3440. What is z(-32)?
80
Let c(n) = 3162*n**2 - 385769*n + 598. What is c(122)?
-12
Let s(l) = -20*l - 3211. Calculate s(-22).
-2771
Let m(j) = -57*j + 110. Calculate m(6).
-232
Let g(p) = -p**3 + 5*p**2 + 225*p + 223. What is g(-1)?
4
Let d(y) = -y**3 - 134*y**2 + 1397*y + 4271. Determine d(12).
11
Let j(v) = v**3 - 235*v**2 + 463*v + 704. Calculate j(233).
5
Let z(p) = -77695*p**2 - 1398510*p. What is z(-18)?
0
Let s(y) = 3028*y - 108972. Give s(36).
36
Let t(j) = 4*j**3 - 89*j**2 + 33*j - 266. Determine t(22).
-24
Let r(j) = -67*j**3 + 1407*j**2 - 4*j + 107. Calculate r(21).
23
Let y(d) = d**3 + 8*d**2 + 47*d + 326. Give y(-10).
-344
Let w(p) = -4142*p - 20857. Determine w(-5).
-147
Let r(g) = -1055*g**2 + 967*g - 1933. What is r(2)?
-4219
Let j(b) = -677*b**2 - 6122*b - 251. What is j(-9)?
10
Let p(c) = 4*c**3 - 23*c**2 + 4*c - 33. Determine p(7).
240
Let a(j) = j**3 - 14*j**2 - 55*j + 7. Give a(-4).
-61
Let s(z) = -z**3 - 319*z**2 + 794*z + 529. Give s(3).
13
Let a(x) = 9826*x - 78613. What is a(8)?
-5
Let w(s) = -s**3 - 139*s**2 + 915*s + 6528. What is w(-145)?
3
Let w(g) = -20888*g + 3571839. Give w(171).
-9
Let a(d) = 61*d**3 - 185*d**2 - 100*d + 317. Give a(3).
-1
Let o(g) = 13329*g - 53323. Calculate o(4).
-7
Let c(i) = 450*i + 15538. Determine c(-33).
688
Let v(l) = -l**3 - 69*l**2 + 234*l + 1227. What is v(-72)?
-69
Let g(b) = -173*b - 4535. Determine g(-30).
655
Let h(a) = -19870*a - 854462. Give h(-43).
-52
Let c(i) = -9*i**2 + 3167*i + 946. Calculate c(352).
594
Let l(r) = r**2 - 186736*r - 2054230. Determine l(-11).
-13
Let g(a) = 27*a**2 + 7*a - 203. Determine g(3).
61
Let v(i) = -102*i**2 - 95*i - 201. Give v(-2).
-419
Let n(c) = -c**3 + 83*c**2 - 898*c + 7622. Give n(72).
-10
Let u(k) = -7*k**2 - 303*k - 1056. Calculate u(-39).
114
Let w(h) = 24*h**2 + 10039*h - 7113. Determine w(-419).
10
Let a(l) = -l**2 - 45014*l + 90033. What is a(2)?
1
Let u(k) = 112254*k - 673530. Calculate u(6).
-6
Let z(m) = 13*m**2 - 6731*m + 843637. What is z(305)?
7
Let j(w) = 8*w**2 + 182*w - 535. Calculate j(-27).
383
Let g(s) = -25*s**3 + 374*s**2 - 768*s + 11801. Calculate g(15).
56
Let f(o) = -o**3 - 53*o**2 + 534*o - 175. Calculate f(8).
193
Let u(x) = 67009*x - 1541129. Calculate u(23).
78
Let v(q) = q**2 + 288*q + 24855. Calculate v(-129).
4344
Let q(d) = -805*d + 61959. What is q(77)?
-26
Let u(q) = 3379*q - 364941. Give u(108).
-9
Let m(r) = 59*r**2 + 299*r + 260. What is m(-1)?
20
Let n(g) = 5*g**2 + 95*g - 9017. What is n(34)?
-7
Let m(t) = -6797*t - 54325. Give m(-8).
51
Let o(l) = -10*l**2 + 991*l - 495. Determine o(99).
-396
Let k(v) = 2*v**2 - 235*v - 2722. Determine k(128).
-34
Let x(l) = -l**2 - 148*l + 2788. Give x(24).
-1340
Let o(c) = -900*c - 372600. Give o(-414).
0
Let n(u) = 1119*u**3 + 2*u**2 + 18*u + 16. Calculate n(-1).
-1119
Let n(o) = -2*o**3 + 7680*o**2 + 38452*o + 14. Determine n(-5).
4
Let q(d) = 470*d + 1945. Calculate q(-6).
-875
Let a(z) = 51*z + 8070. Give a(-148).
522
Let q(w) = -w**2 - 4549*w + 14687045. Calculate q(2182).
3
Let d(p) = 2435*p - 21935. Determine d(9).
-20
Let v(f) = f**3 + 60*f**2 - 332*f + 46. Give v(5).
11
Let o(t) = 48*t**3 + 197*t**2 + 77*t + 232. Calculate o(-4).
4
Let d(q) = -2*q**2 - 3677*q - 51128. Determine d(-14).
-42
Let j(a) = 18062*a - 29. Give j(0).
-29
Let f(l) = -3*l**2 - 651*l - 35279. Determine f(-100).
-179
Let z(y) = -1754*y**2 + 3506*y - 2. Calculate z(2).
-6
Let n(a) = -3*a**3 - 102*a**2 + 394*a + 2091. What is n(-3)?
72
Let p(f) = -3928*f - 66664. Give p(-17).
112
Let v(b) = b**3 + 279*b**2 + 2434*b + 37. Determine v(-270).
-1043
Let r(k) = -43793*k + 394125. Calculate r(9).
-12
Let f(q) = -q**2 + 1633*q - 264066. Give f(182).
16
Let n(f) = 747*f - 92723. Calculate n(123).
-842
Let y(l) = -259*l + 11881. Calculate y(46).
-33
Let g(m) = 4*m**2 + 153*m - 2138. Give g(-49).
-31
Let u(n) = 3493*n + 94381. Give u(-27).
70
Let v(j) = 5320*j + 164788. Determine v(-31).
-132
Let d(v) = 762*v + 457199. What is d(-600)?
-1
Let q(z) = 3*z**2 - 163*z - 8643. What is q(-33)?
3
Let m(t) = -6*t**2 - 4098*t - 380958. Give m(-111).
-6
Let b(j) = -10*j**2 - 18*j + 371. Give b(6).
-97
Let p(v) = 3*v**2 + 44*v - 9993. What is p(-66)?
171
Let s(g) = 27*g**2 + 238*g - 1887. Calculate s(-18).
2577
Let x(j) = 7*j**2 - 150*j + 437. Give x(18).
5
Let c(l) = -2452*l**2 - 41682*l - 23. Determine c(-17).
-57
Let w(r) = -2761*r - 1938222. Give w(-702).
0
Let g(v) = 2*v**3 + 361*v**2 + 187*v + 2439. What is g(-180)?
1179
Let j(p) = p**2 - 15312*p - 660201. Give j(-43).
64
Let s(n) = 150*n + 1080. Calculate s(-15).
-1170
Let l(t) = 2*t**3 + 11*t**2 + 13*t - 18. Calculate l(0).
-18
Let x(l) = -8120*l + 25699796. Give x(3165).
-4
Let i(c) = 10150*c + 2801433. Calculate i(-276).
33
Let f(x) = -228*x**2 - 314*x - 316. What is f(-1)?
-230
Let v(f) = -2*f**3 - 18*f**2 + 103*f + 191. What is v(5)?
6
Let t(x) = -21*x**2 + 1202*x + 779. What is t(58)?
-149
Let g(n) = -2*n**2 - 993*n - 10672. Give g(-11).
9
Let x(f) = -70*f**2 + 2172*f + 2162. Give x(32).
-14
Let j(i) = 4*i**3 - 68*i**2 - 276*i + 4660. Give j(17).
-32
Let u(s) = -7*s**2 - 3656*s - 91257. What is u(-496)?
7
Let y(m) = 24*m**2 + 1302*m + 2491. Give y(-2).
-17
Let p(x) = 998*x + 5407. What is p(-6)?
-581
Let l(j) = -73539*j - 12354560. Calculate l(-168).
-8
Let x(v) = 3279*v - 219724. Determine x(67).
-31
Let l(j) = -j**3 + 40*j**2 - 136*j + 1756. What is l(38)?
-524
Let t(j) = 23*j**2 + 858*j + 7949. What is t(-17)?
10
Let k(r) = -2*r**3 - 2319*r**2 + 3526*r + 49932. Determine k(-1161).
9
Let v(p) = -p**3 - 77*p**2 + 156*p - 355. Determine v(-79).
-197
Let y(q) = -598*q - 1572. Give y(-3).
222
Let u(z) = 267*z - 22271. Calculate u(84).
157
Let b(l) = -12058*l - 9417284. Determine b(-781).
14
Let t(w) = -490848*w - 1963344. Give t(-4).
48
Let d(c) = -3*c**2 - 38656*c + 232041. Calculate d(6).
-3
Let a(y) = -15302*y - 15297. What is a(-1)?
5
Let d(b) = -b**3 + 1147*b**2 - 5764*b + 202. Give d(5).
-68
Let f(x) = x**3 - 76*x**2 - 138*x + 1478. Calculate f(77).
-3219
Let x(h) = h**3 - 8*h**2 - 684*h + 726. What is x(30)?
6
Let c(s) = 6*s**2 - 1054*s + 46200. Give c(82).
116
Let z(v) = 2*v**3 + 19*v**2 + 953*v + 10771. Determine z(-11).
-75
Let v(i) = 14*i**2 + 1511*i - 6262. Determine v(4).
6
Let n(c) = -c**2 + 87*c - 162. Give n(2).
8
Let l(d) = -d**3 + 11*d**2 - 4609*d + 55548. Determine l(12).
96
Let g(w) = -2522247*w - 17655700. What is g(-7)?
29
Let m(k) = -2*k**3 + 1598*k**2 + 53186*k + 46. Give m(-32).
-18
Let h(c) = -4*c**2 - 443*c + 57714. Determine h(77).
-113
Let f(v) = -v**3 + 28*v**2 + 255*v - 2480. Calculate f(33).
490
Let l(x) = 17*x**2 + 388*x + 1360. Calculate l(-4).
80
Let s(k) = -k**3 - 19*k**2 + 3886*k + 31814. Give s(-8).
22
Let b(o) = o**3 - 465*o**2 - 65314*o - 207. What is b(-113)?
-207
Let v(i) = -5*i**2 + 694*i - 15019. Calculate v(21).
-2650
Let b(n) = 4154*n + 1047015. Determine b(-252).
207
Let k(z) = 158*z**2 - 5040*z - 402. Determine k(32).
110
Let a(t) = -57695*t + 807762. What is a(14)?
32
Let t(q) = -8*q**2 + 1960*q - 17027. What is t(9)?
-35
Let f(v) = -1370*v + 9468. Determine f(7).
-122
Let q(m) = 2127*m - 112385. What is q(53)?
346
Let z(q) = -3390*q - 14138. Determine z(-6).
6202
Let a(d) = -3*d**3 - 680*d**2 + 210*d - 3567. Calculate a(-227).
292
Let n(x) = -1656*x - 45552. What is n(-27)?
-840
Let r(b) = -3*b**3 + 25*b**2 + 437*b - 4375. Calculate r(10).
-505
Let n(u) = 214*u - 4720. What is n(13)?
-1938
Let y(t) = 24*t**3 - 195*t**2 - 36*t + 237. Determine y(8).
-243
Let w(r) = -12789*r - 115103. Determine w(-9).
-2
Let c(h) = -h**2 - 352*h + 1113. Calculate c(3).
48
Let m(u) = u**3 - 59*u**2 - 343*u - 22. Give m(64).
-1494
Let i(y) = -y**3 - 70*y**2 - 140*y - 23. Give i(-68).
249
Let x(u) = -2756*u - 5880. Determine x(-2).
-368
Let l(r) = -537*r + 10450. Determine l(21).
-827
Let v(c) = 2*c**3 - 9*c**2 - 103*c + 331. Determine v(-12).
-3185
Let q(l) = 4472*l + 129248. What is q(-29)?
-440
Let w(m) = -641*m**2 - 2575*m - 4. Calculate w(-4).
40
Let l(v) = 6*v**3 + 15*v**2 - 145*v - 507. Calculate l(-4).
-71
Let a(n) = -3*n**2 + 394*n + 4976. What is a(143)?
-29
Let j(y) = 7746*y + 15483. Give j(-2).
-9
Let d(c) = c**3 - 113*c**2 + 226*c - 460. Give d(111).
-16
Let w(l) = -5*l**2 + 36*l + 77. Determine 